Let j(b) = -330*b + 5611. Give j(17).
1
Let y(v) = -128*v + 1900. Give y(15).
-20
Let f(v) = v**2 + 470*v + 15245. Determine f(-35).
20
Let x(s) = -52*s + 906. Determine x(18).
-30
Let z(h) = 2*h**3 + 45*h**2 + 40*h + 390. Determine z(-22).
-6
Let z(o) = -281*o + 9839. Calculate z(35).
4
Let c(s) = s**2 + 447*s - 8375. Calculate c(18).
-5
Let c(x) = -37*x - 81. Determine c(-2).
-7
Let a(g) = -13*g**2 + 201*g + 351. Calculate a(17).
11
Let z(q) = -2*q + 5. Give z(-10).
25
Let w(q) = -19*q**2 - 15*q - 1. Give w(2).
-107
Let m(k) = -3*k**2 + 101*k - 144. Calculate m(32).
16
Let d(v) = v**3 + 9*v**2 + 13*v - 1. Determine d(-4).
27
Let y(w) = -2*w**2 - 302*w - 4794. Calculate y(-133).
-6
Let s(b) = -1123*b + 160589. Calculate s(143).
0
Let l(i) = i**3 + 14*i**2 - 184*i - 173. Determine l(-22).
3
Let b(r) = -11*r**2 - 51*r + 9. Determine b(-5).
-11
Let q(l) = 6*l - 19. Calculate q(-2).
-31
Let q(u) = -u**3 + 2*u**2 + 4*u + 4. Give q(-4).
84
Let o(p) = 19*p - 8. Calculate o(3).
49
Let u(s) = 17*s + 14. Determine u(-6).
-88
Let q(f) = -751*f + 4442. Give q(6).
-64
Let b(d) = 246*d + 4434. Determine b(-18).
6
Let o(y) = y**3 - 33*y**2 + 40*y - 235. Determine o(32).
21
Let w(r) = r**3 + 50*r**2 - 328*r + 427. Give w(-56).
-21
Let q(r) = 2*r**2 + 12*r - 18. Calculate q(-12).
126
Let u(r) = 175*r + 1369. What is u(-8)?
-31
Let f(u) = -2*u**2 + 19*u + 2. Calculate f(13).
-89
Let j(l) = -2*l**2 - 60*l + 515. Give j(8).
-93
Let d(u) = 5*u**2 - 60*u + 393. Give d(8).
233
Let g(s) = -146*s - 1244. Give g(-8).
-76
Let s(p) = 25*p - 104. Give s(-2).
-154
Let h(z) = 24*z + 221. What is h(-4)?
125
Let q(r) = r**3 + 8*r**2. Determine q(-7).
49
Let i(t) = t**2 - 33*t + 267. Calculate i(12).
15
Let m(x) = 3*x**3 - 9*x**2 + 18*x - 70. Give m(6).
362
Let v(s) = -s**2 - 12*s + 1605. Calculate v(-46).
41
Let l(x) = -x**2 - 231*x + 11783. What is l(43)?
1
Let z(r) = -23*r**3 - 275*r**2 - 8*r - 241. Calculate z(-12).
-1
Let b(w) = 2*w**2 - 257*w - 963. Determine b(132).
-39
Let g(j) = 114*j + 2647. Determine g(-23).
25
Let v(d) = d**3 + d**2 - 86*d + 97. Calculate v(8).
-15
Let c(a) = 3*a**3 - a**2 - 66*a - 67. Give c(-1).
-5
Let i(k) = -68*k**2 + 71*k - 145. Give i(2).
-275
Let z(b) = -4*b**2 - 75*b + 27. Determine z(-19).
8
Let a(i) = -297*i + 2203. What is a(8)?
-173
Let l(v) = v**3 - 15*v**2 - 4*v - 151. Give l(16).
41
Let t(w) = 173*w**2 + 15055*w + 357. Give t(-87).
9
Let l(q) = -q**2 - 34*q - 828. Calculate l(-27).
-639
Let b(f) = f**2 + 22*f + 1. What is b(-19)?
-56
Let j(f) = 49*f + 23. Determine j(-4).
-173
Let z(n) = n**3 + 65*n**2 + 190*n + 11. Calculate z(-3).
-1
Let v(h) = 2*h**2 - 115*h - 2911. What is v(-19)?
-4
Let v(k) = -146*k + 1265. Calculate v(9).
-49
Let k(b) = 5*b**2 - 302*b - 1288. Give k(-4).
0
Let c(f) = 10*f + 353. Determine c(-58).
-227
Let a(t) = 3911*t + 62572. Give a(-16).
-4
Let t(z) = 87*z**2 - 3*z + 4. Calculate t(1).
88
Let q(u) = 13*u**2 + 176*u + 87. Give q(-13).
-4
Let h(n) = -16*n**2 - 77*n + 324. Calculate h(4).
-240
Let b(t) = 8*t**2 + 69*t. What is b(-9)?
27
Let f(h) = -h**2 - 28*h - 62. Determine f(-5).
53
Let s(k) = -33*k - 3. Determine s(-2).
63
Let u(m) = -m**3 - 36*m**2 - 28*m - 989. Give u(-36).
19
Let n(r) = 3*r**3 - 9*r**2 + 1. What is n(3)?
1
Let d(f) = 4167*f + 25014. Determine d(-6).
12
Let w(l) = -78*l - 667. Determine w(-10).
113
Let j(l) = 11*l - 33. What is j(-1)?
-44
Let a(f) = 349*f - 1101. Determine a(2).
-403
Let s(d) = -d**3 + 44*d**2 + 540*d - 3. Determine s(54).
-3
Let d(k) = 11*k**2 - 66*k - 4268. Give d(-17).
33
Let s(y) = -5*y**2 - 25*y + 26. Calculate s(1).
-4
Let n(g) = -98*g - 27. Give n(-1).
71
Let j(w) = -w**2 + 7*w + 1. What is j(5)?
11
Let r(h) = -248*h - 32. What is r(-1)?
216
Let a(o) = 2*o**2 - 13*o + 54. What is a(14)?
264
Let b(i) = -i**3 + 80*i**2 + 624*i + 17. Determine b(-7).
-88
Let x(o) = -15*o**2 + 272*o - 47. Determine x(18).
-11
Let q(u) = -344*u + 44724. Determine q(130).
4
Let h(r) = 4*r**3 - 21*r**2 + 6*r - 39. Give h(5).
-34
Let v(q) = q**3 - 33*q**2 - 69*q - 2. Give v(35).
33
Let f(y) = 439*y + 185265. What is f(-422)?
7
Let i(u) = -9*u**3 + 9*u**2 + 27*u - 5. What is i(-2)?
49
Let y(l) = 4*l**2 + 185*l + 49. What is y(-46)?
3
Let g(w) = w**3 + 2*w**2 + 3*w - 246. Determine g(0).
-246
Let x(y) = y**3 - y**2 - 8*y + 51. Determine x(0).
51
Let b(c) = 81*c + 165. Calculate b(-2).
3
Let w(a) = a**3 - 2*a**2 + 13*a + 64. What is w(-3)?
-20
Let m(l) = -47*l + 70. Calculate m(-1).
117
Let c(a) = -2*a**3 + 33*a**2 - 15*a - 6. What is c(16)?
10
Let u(f) = f**2 - 158*f + 1061. What is u(7)?
4
Let t(h) = h**3 - 9*h**2 + 12*h + 8. What is t(4)?
-24
Let j(n) = -18*n**2 + 13*n - 27. Calculate j(2).
-73
Let t(w) = -100*w**2 - 50*w + 95. Calculate t(2).
-405
Let y(q) = q**3 + 10*q**2 - 152*q - 150. Give y(-18).
-6
Let q(p) = 4*p**3 + 8*p**2 - 39*p + 13. Give q(-6).
-329
Let v(n) = n**3 + 31*n**2 + 31*n - 211. Give v(-30).
-241
Let k(q) = 31*q - 18. Determine k(9).
261
Let d(l) = l**3 + 50*l**2 + 261*l - 39. Determine d(-44).
93
Let n(o) = -449*o**2 - 25*o + 25. Calculate n(1).
-449
Let t(w) = w**2 + 23*w - 9. Calculate t(-26).
69
Let v(q) = -14*q**3 + 4*q**2 + 60*q - 127. What is v(2)?
-103
Let f(d) = -19679*d - 39358. What is f(-2)?
0
Let l(a) = -a**3 + 5*a**2 + 55*a - 60. Determine l(-6).
6
Let z(t) = -52*t - 4687. Determine z(-92).
97
Let u(g) = -489*g - 3550. What is u(-7)?
-127
Let c(d) = d**3 + 2*d**2 + 3*d - 19. Give c(2).
3
Let a(t) = -3*t**2 + 28*t - 37. Give a(6).
23
Let q(y) = y**3 + y**2 - 34*y - 56. What is q(-3)?
28
Let f(h) = -5*h**2 - 324*h - 2030. Determine f(-7).
-7
Let b(z) = 98*z - 1015. Give b(10).
-35
Let j(p) = -27*p - 226. Calculate j(-8).
-10
Let o(q) = -3*q**2 - 250*q + 3651. Calculate o(-96).
3
Let i(t) = -t**3 + 15*t**2 + 26*t + 147. Calculate i(17).
11
Let f(s) = s**3 + 56*s**2 + 316*s + 51. Give f(-6).
-45
Let z(i) = -i**3 - 150*i**2 + 1103*i + 616. Determine z(-157).
-12
Let p(k) = -15*k**2 - 142*k - 48. Give p(-9).
15
Let b(h) = -162*h**3 + 4*h**2 - 4. Give b(1).
-162
Let u(p) = -91*p**2 - 6*p - 8. What is u(2)?
-384
Let q(j) = -j**3 - 19*j**2 + 18*j + 21. Give q(-20).
61
Let w(u) = -u**3 + 8*u**2 - 7*u - 33. Calculate w(6).
-3
Let w(r) = 137*r - 2. Give w(-1).
-139
Let i(j) = 223*j - 2038. Determine i(9).
-31
Let v(i) = -76*i + 5125. Determine v(69).
-119
Let d(j) = -j**3 + 4*j**2 + 27*j - 16. Determine d(7).
26
Let h(o) = -o**2 - 315*o - 1518. Determine h(-5).
32
Let z(f) = -1367*f + 8197. Give z(6).
-5
Let c(u) = -u**3 + 26*u**2 - 65*u - 58. Calculate c(23).
34
Let p(w) = -2*w**2 - 54*w - 166. What is p(-23)?
18
Let w(b) = b**3 - 29*b**2 - 24*b + 225. Determine w(29).
-471
Let l(o) = o**3 - 10*o**2 + 15*o + 26. Calculate l(8).
18
Let c(n) = -341*n + 94. What is c(1)?
-247
Let q(p) = -p**2 + 11*p + 16. Determine q(-2).
-10
Let l(f) = -2*f**2 + 124*f + 591. What is l(66)?
63
Let i(r) = 402*r - 64728. What is i(161)?
-6
Let f(t) = -61*t - 35. What is f(-1)?
26
Let h(f) = -54*f - 785. Calculate h(-14).
-29
Let k(o) = -70*o**3 + 11*o - 23. Determine k(2).
-561
Let m(r) = r**3 + 58*r**2 + 312*r - 40. What is m(-52)?
-40
Let g(z) = 18*z - 7. What is g(1)?
11
Let c(y) = -y**2 + 550*y + 5050. Determine c(-9).
19
Let k(t) = t**2 + 8*t + 42. Determine k(-10).
62
Let f(s) = -s**2 + 133*s - 3835. Determine f(42).
-13
Let n(w) = -5*w**3 - 3*w**2 + 6*w - 21. Give n(3).
-165
Let g(j) = -73*j + 262. Calculate g(4).
-30
Let x(h) = -2*h**2 - 119*h - 1723. What is x(-35)?
-8
Let y(p) = -p**2 + 8*p + 271. Give y(-15).
-74
Let y(b) = 184*b + 1354. Give y(-8).
-118
Let h(q) = 8*q + 104. Calculate h(-16).
-24
Let h(o) = -128*o**2 - 38*o + 7. Calculate h(1).
-159
Let m(f) = f**3 - 10*f**2 - 8*f + 70. Determine m(10).
-10
Let u(d) = d**3 - 28*d**2 - 26*d - 30. Determine u(29).
57
Let o(i) = -10*i**2 - 36*i - 35. Calculate o(-2).
-3
Let l(t) = -7*t - 66. Calculate l(-8).
-10
Let x(q) = q**3 + 13*q**2 - 50*q - 518. What is x(-14)?
-14
Let n(z) = z**3 + 22*z**2 + 122*z + 32. Give n(-11).
21
Let u(q) = q**3 + 43*q**2 + 45*q + 88. Give u(-42).
-38
Let r(h) = 47*h**2 + 184*h - 11. Determine r(-4).
5
Let k(u) = -2*u**3 + 115*u**2 - 62*u + 93. Calculate k(57).
-192
Let w(t) = 4*t**3 - 177*t**2 + 34*t + 451. Give w(44).
11
Let f(y) = -32*y - 243. Determine f(-8).
13
Let j(n) = n**3 + 26*n**2 